{"id":337,"date":"2018-04-12T15:17:03","date_gmt":"2018-04-12T14:17:03","guid":{"rendered":"http:\/\/canalcanoe.fr\/?page_id=337"},"modified":"2026-01-25T08:20:54","modified_gmt":"2026-01-25T07:20:54","slug":"tarifs-2018","status":"publish","type":"page","link":"https:\/\/canalcanoe.fr\/index.php\/tarifs-2018\/","title":{"rendered":"Tarifs-2018"},"content":{"rendered":"<p>[et_pb_section fb_built=\u00a0\u00bb1&Prime; _builder_version=\u00a0\u00bb4.16&Prime; use_background_color_gradient=\u00a0\u00bbon\u00a0\u00bb background_color_gradient_stops=\u00a0\u00bb#ffffff 54%|#e88a2c 100%\u00a0\u00bb background_color_gradient_start=\u00a0\u00bb#ffffff\u00a0\u00bb background_color_gradient_start_position=\u00a0\u00bb54%\u00a0\u00bb background_color_gradient_end=\u00a0\u00bb#e88a2c\u00a0\u00bb global_colors_info=\u00a0\u00bb{}\u00a0\u00bb][et_pb_row _builder_version=\u00a0\u00bb4.16&Prime; background_size=\u00a0\u00bbinitial\u00a0\u00bb background_position=\u00a0\u00bbtop_left\u00a0\u00bb background_repeat=\u00a0\u00bbrepeat\u00a0\u00bb global_colors_info=\u00a0\u00bb{}\u00a0\u00bb][et_pb_column type=\u00a0\u00bb4_4&Prime; _builder_version=\u00a0\u00bb4.16&Prime; custom_padding=\u00a0\u00bb|||\u00a0\u00bb global_colors_info=\u00a0\u00bb{}\u00a0\u00bb custom_padding__hover=\u00a0\u00bb|||\u00a0\u00bb][et_pb_text _builder_version=\u00a0\u00bb4.16&Prime; header_text_align=\u00a0\u00bbcenter\u00a0\u00bb header_text_color=\u00a0\u00bb#0b41bf\u00a0\u00bb global_colors_info=\u00a0\u00bb{}\u00a0\u00bb]<\/p>\n<h1>Tarifs de location &#8211; Canal Cano\u00eb La Rochelle<\/h1>\n<p>[\/et_pb_text][et_pb_divider show_divider=\u00a0\u00bboff\u00a0\u00bb _builder_version=\u00a0\u00bb4.16&Prime; global_colors_info=\u00a0\u00bb{}\u00a0\u00bb][\/et_pb_divider][et_pb_text _builder_version=\u00a0\u00bb4.16&Prime; global_colors_info=\u00a0\u00bb{}\u00a0\u00bb]<\/p>\n<h4>Les promenades se font au d\u00e9part de la base nautique situ\u00e9 \u00e0 la maison \u00e9clusi\u00e8re pour y revenir.<\/h4>\n<p>Avec la location de chaque embarcation, nous fournissons un gilet de s\u00e9curit\u00e9 par personne ainsi qu&rsquo;une rame ou une pagaie. Il est aussi possible d&rsquo;\u00e9quiper le cano\u00eb d&rsquo;un bidon \u00e9tanche pour y placer vos effets personnels pendant la navigation.<\/p>\n<p>Nous acceptons en r\u00e8glement, les ch\u00e8ques bancaires, les ch\u00e8ques vacances ainsi que les r\u00e8glements en esp\u00e8ces.<br \/>\n[\/et_pb_text][\/et_pb_column][\/et_pb_row][et_pb_row _builder_version=\u00a0\u00bb4.16&Prime; background_size=\u00a0\u00bbinitial\u00a0\u00bb background_position=\u00a0\u00bbtop_left\u00a0\u00bb background_repeat=\u00a0\u00bbrepeat\u00a0\u00bb global_colors_info=\u00a0\u00bb{}\u00a0\u00bb][et_pb_column type=\u00a0\u00bb4_4&Prime; _builder_version=\u00a0\u00bb4.16&Prime; custom_padding=\u00a0\u00bb|||\u00a0\u00bb global_colors_info=\u00a0\u00bb{}\u00a0\u00bb custom_padding__hover=\u00a0\u00bb|||\u00a0\u00bb][et_pb_toggle title=\u00a0\u00bbKayak une place, location horaire\u00a0\u00bb open_toggle_text_color=\u00a0\u00bb#0b41bf\u00a0\u00bb open_toggle_background_color=\u00a0\u00bb#fcf1d4&Prime; closed_toggle_text_color=\u00a0\u00bb#e88a17&Prime; closed_toggle_background_color=\u00a0\u00bb#017236&Prime; icon_color=\u00a0\u00bb#e88a17&Prime; open_icon_color=\u00a0\u00bb#e88a17&Prime; _builder_version=\u00a0\u00bb4.27.4&Prime; title_level=\u00a0\u00bbh4&Prime; title_font=\u00a0\u00bb|700|||||||\u00a0\u00bb body_font=\u00a0\u00bb|700|||||||\u00a0\u00bb body_font_size=\u00a0\u00bb16&Prime; hover_enabled=\u00a0\u00bb0&Prime; global_colors_info=\u00a0\u00bb{}\u00a0\u00bb sticky_enabled=\u00a0\u00bb0&Prime;]<\/p>\n<p>1h30\u00a0 \u00a0 \u00a0 \u00a0 15 \u20ac<\/p>\n<p>2h30 \u00a0 \u00a0 \u00a0 \u00a020 \u20ac<\/p>\n<p>3h30\u00a0 \u00a0 \u00a0 \u00a0 25 \u20ac<\/p>\n<p>4h30 \u00a0 \u00a0 \u00a0 \u00a030 \u20ac<\/p>\n<p>5h-7h\u00a0 \u00a0 \u00a0 \u00a035 \u20ac<\/p>\n<p>[\/et_pb_toggle][et_pb_toggle title=\u00a0\u00bbCano\u00eb 2 places , location horaire\u00a0\u00bb open_toggle_text_color=\u00a0\u00bb#0b41bf\u00a0\u00bb open_toggle_background_color=\u00a0\u00bb#fcf1d4&Prime; closed_toggle_text_color=\u00a0\u00bb#e88a17&Prime; closed_toggle_background_color=\u00a0\u00bb#017236&Prime; icon_color=\u00a0\u00bb#e88a17&Prime; open_icon_color=\u00a0\u00bb#e88a17&Prime; _builder_version=\u00a0\u00bb4.27.4&Prime; title_level=\u00a0\u00bbh4&Prime; title_font=\u00a0\u00bb|700|||||||\u00a0\u00bb body_font=\u00a0\u00bb|700|||||||\u00a0\u00bb body_font_size=\u00a0\u00bb16&Prime; hover_enabled=\u00a0\u00bb0&Prime; global_colors_info=\u00a0\u00bb{}\u00a0\u00bb sticky_enabled=\u00a0\u00bb0&Prime;]<\/p>\n<p style=\"text-align: left;\">1h30\u00a0 \u00a0 \u00a0 \u00a0 25 \u20ac<\/p>\n<p style=\"text-align: left;\">2h30 \u00a0 \u00a0 \u00a0 \u00a035 \u20ac<\/p>\n<p style=\"text-align: left;\">3h30 \u00a0 \u00a0 \u00a0 \u00a040 \u20ac<\/p>\n<p style=\"text-align: left;\">4h30 \u00a0 \u00a0 \u00a0 \u00a045 \u20ac<\/p>\n<p style=\"text-align: left;\">5h-7h \u00a0 \u00a0 \u00a0 50 \u20ac<\/p>\n<p>[\/et_pb_toggle][et_pb_toggle title=\u00a0\u00bbCano\u00eb 3 places , location horaire\u00a0\u00bb open_toggle_text_color=\u00a0\u00bb#0b41bf\u00a0\u00bb open_toggle_background_color=\u00a0\u00bb#fcf1d4&Prime; closed_toggle_text_color=\u00a0\u00bb#e88a17&Prime; closed_toggle_background_color=\u00a0\u00bb#017236&Prime; icon_color=\u00a0\u00bb#e88a17&Prime; open_icon_color=\u00a0\u00bb#e88a17&Prime; _builder_version=\u00a0\u00bb4.27.4&Prime; title_level=\u00a0\u00bbh4&Prime; title_font=\u00a0\u00bb|700|||||||\u00a0\u00bb body_font=\u00a0\u00bb|700|||||||\u00a0\u00bb body_font_size=\u00a0\u00bb16&Prime; hover_enabled=\u00a0\u00bb0&Prime; global_colors_info=\u00a0\u00bb{}\u00a0\u00bb sticky_enabled=\u00a0\u00bb0&Prime;]<\/p>\n<p style=\"text-align: left;\">1h30\u00a0 \u00a0 \u00a0 \u00a0 37 \u20ac<\/p>\n<p style=\"text-align: left;\">2h30 \u00a0 \u00a0 \u00a0 \u00a052 \u20ac<\/p>\n<p style=\"text-align: left;\">3h30 \u00a0 \u00a0 \u00a0 \u00a060 \u20ac<\/p>\n<p style=\"text-align: left;\">4h30 \u00a0 \u00a0 \u00a0 \u00a068 \u20ac<\/p>\n<p style=\"text-align: left;\">5h-7h \u00a0 \u00a0 \u00a0 75 \u20ac<\/p>\n<p>[\/et_pb_toggle][\/et_pb_column][\/et_pb_row][\/et_pb_section]<\/p>\n","protected":false},"excerpt":{"rendered":"<p>Tarifs de location &#8211; Canal Cano\u00eb La Rochelle Les promenades se font au d\u00e9part de la base nautique situ\u00e9 \u00e0 la maison \u00e9clusi\u00e8re pour y revenir. Avec la location de chaque embarcation, nous fournissons un gilet de s\u00e9curit\u00e9 par personne ainsi qu&rsquo;une rame ou une pagaie. Il est aussi possible d&rsquo;\u00e9quiper le cano\u00eb d&rsquo;un bidon [&hellip;]<\/p>\n","protected":false},"author":1,"featured_media":0,"parent":0,"menu_order":0,"comment_status":"closed","ping_status":"closed","template":"","meta":{"_et_pb_use_builder":"on","_et_pb_old_content":"","_et_gb_content_width":"","_monsterinsights_skip_tracking":false,"_monsterinsights_sitenote_active":false,"_monsterinsights_sitenote_note":"","_monsterinsights_sitenote_category":0,"jetpack_post_was_ever_published":false,"footnotes":""},"class_list":["post-337","page","type-page","status-publish","hentry"],"yoast_head":"<!-- This site is optimized with the Yoast SEO plugin v27.3 - https:\/\/yoast.com\/product\/yoast-seo-wordpress\/ -->\n<title>Canal Cano\u00eb La Rochelle - Tarifs location cano\u00ebs 2018<\/title>\n<meta name=\"description\" content=\"Canal cano\u00eb loue des cano\u00ebs sur le canal de Marans \u00e0 La Rochelle. Le d\u00e9part \u00e0 lieu \u00e0 l&#039;embarcad\u00e8re de la maison de l&#039;\u00e9clusier.\" \/>\n<meta name=\"robots\" content=\"index, follow, max-snippet:-1, max-image-preview:large, max-video-preview:-1\" \/>\n<link rel=\"canonical\" href=\"https:\/\/canalcanoe.fr\/index.php\/tarifs-2018\/\" \/>\n<meta property=\"og:locale\" content=\"fr_FR\" \/>\n<meta property=\"og:type\" content=\"article\" \/>\n<meta property=\"og:title\" content=\"Canal Cano\u00eb La Rochelle - Tarifs location cano\u00ebs 2018\" \/>\n<meta property=\"og:description\" content=\"Canal cano\u00eb loue des cano\u00ebs sur le canal de Marans \u00e0 La Rochelle. Le d\u00e9part \u00e0 lieu \u00e0 l&#039;embarcad\u00e8re de la maison de l&#039;\u00e9clusier.\" \/>\n<meta property=\"og:url\" content=\"https:\/\/canalcanoe.fr\/index.php\/tarifs-2018\/\" \/>\n<meta property=\"og:site_name\" content=\"cano\u00eb La rochelle\" \/>\n<meta property=\"article:modified_time\" content=\"2026-01-25T07:20:54+00:00\" \/>\n<meta name=\"twitter:card\" content=\"summary_large_image\" \/>\n<meta name=\"twitter:label1\" content=\"Dur\u00e9e de lecture estim\u00e9e\" \/>\n\t<meta name=\"twitter:data1\" content=\"2 minutes\" \/>\n<script type=\"application\/ld+json\" class=\"yoast-schema-graph\">{\"@context\":\"https:\\\/\\\/schema.org\",\"@graph\":[{\"@type\":\"WebPage\",\"@id\":\"https:\\\/\\\/canalcanoe.fr\\\/index.php\\\/tarifs-2018\\\/\",\"url\":\"https:\\\/\\\/canalcanoe.fr\\\/index.php\\\/tarifs-2018\\\/\",\"name\":\"Canal Cano\u00eb La Rochelle - Tarifs location cano\u00ebs 2018\",\"isPartOf\":{\"@id\":\"https:\\\/\\\/canalcanoe.fr\\\/#website\"},\"datePublished\":\"2018-04-12T14:17:03+00:00\",\"dateModified\":\"2026-01-25T07:20:54+00:00\",\"description\":\"Canal cano\u00eb loue des cano\u00ebs sur le canal de Marans \u00e0 La Rochelle. Le d\u00e9part \u00e0 lieu \u00e0 l'embarcad\u00e8re de la maison de l'\u00e9clusier.\",\"breadcrumb\":{\"@id\":\"https:\\\/\\\/canalcanoe.fr\\\/index.php\\\/tarifs-2018\\\/#breadcrumb\"},\"inLanguage\":\"fr-FR\",\"potentialAction\":[{\"@type\":\"ReadAction\",\"target\":[\"https:\\\/\\\/canalcanoe.fr\\\/index.php\\\/tarifs-2018\\\/\"]}]},{\"@type\":\"BreadcrumbList\",\"@id\":\"https:\\\/\\\/canalcanoe.fr\\\/index.php\\\/tarifs-2018\\\/#breadcrumb\",\"itemListElement\":[{\"@type\":\"ListItem\",\"position\":1,\"name\":\"Accueil\",\"item\":\"https:\\\/\\\/canalcanoe.fr\\\/\"},{\"@type\":\"ListItem\",\"position\":2,\"name\":\"Tarifs-2018\"}]},{\"@type\":\"WebSite\",\"@id\":\"https:\\\/\\\/canalcanoe.fr\\\/#website\",\"url\":\"https:\\\/\\\/canalcanoe.fr\\\/\",\"name\":\"cano\u00eb La rochelle\",\"description\":\"Location de cano\u00eb \u00e0 La Rochelle\",\"potentialAction\":[{\"@type\":\"SearchAction\",\"target\":{\"@type\":\"EntryPoint\",\"urlTemplate\":\"https:\\\/\\\/canalcanoe.fr\\\/?s={search_term_string}\"},\"query-input\":{\"@type\":\"PropertyValueSpecification\",\"valueRequired\":true,\"valueName\":\"search_term_string\"}}],\"inLanguage\":\"fr-FR\"}]}<\/script>\n<!-- \/ Yoast SEO plugin. -->","yoast_head_json":{"title":"Canal Cano\u00eb La Rochelle - Tarifs location cano\u00ebs 2018","description":"Canal cano\u00eb loue des cano\u00ebs sur le canal de Marans \u00e0 La Rochelle. Le d\u00e9part \u00e0 lieu \u00e0 l'embarcad\u00e8re de la maison de l'\u00e9clusier.","robots":{"index":"index","follow":"follow","max-snippet":"max-snippet:-1","max-image-preview":"max-image-preview:large","max-video-preview":"max-video-preview:-1"},"canonical":"https:\/\/canalcanoe.fr\/index.php\/tarifs-2018\/","og_locale":"fr_FR","og_type":"article","og_title":"Canal Cano\u00eb La Rochelle - Tarifs location cano\u00ebs 2018","og_description":"Canal cano\u00eb loue des cano\u00ebs sur le canal de Marans \u00e0 La Rochelle. Le d\u00e9part \u00e0 lieu \u00e0 l'embarcad\u00e8re de la maison de l'\u00e9clusier.","og_url":"https:\/\/canalcanoe.fr\/index.php\/tarifs-2018\/","og_site_name":"cano\u00eb La rochelle","article_modified_time":"2026-01-25T07:20:54+00:00","twitter_card":"summary_large_image","twitter_misc":{"Dur\u00e9e de lecture estim\u00e9e":"2 minutes"},"schema":{"@context":"https:\/\/schema.org","@graph":[{"@type":"WebPage","@id":"https:\/\/canalcanoe.fr\/index.php\/tarifs-2018\/","url":"https:\/\/canalcanoe.fr\/index.php\/tarifs-2018\/","name":"Canal Cano\u00eb La Rochelle - Tarifs location cano\u00ebs 2018","isPartOf":{"@id":"https:\/\/canalcanoe.fr\/#website"},"datePublished":"2018-04-12T14:17:03+00:00","dateModified":"2026-01-25T07:20:54+00:00","description":"Canal cano\u00eb loue des cano\u00ebs sur le canal de Marans \u00e0 La Rochelle. Le d\u00e9part \u00e0 lieu \u00e0 l'embarcad\u00e8re de la maison de l'\u00e9clusier.","breadcrumb":{"@id":"https:\/\/canalcanoe.fr\/index.php\/tarifs-2018\/#breadcrumb"},"inLanguage":"fr-FR","potentialAction":[{"@type":"ReadAction","target":["https:\/\/canalcanoe.fr\/index.php\/tarifs-2018\/"]}]},{"@type":"BreadcrumbList","@id":"https:\/\/canalcanoe.fr\/index.php\/tarifs-2018\/#breadcrumb","itemListElement":[{"@type":"ListItem","position":1,"name":"Accueil","item":"https:\/\/canalcanoe.fr\/"},{"@type":"ListItem","position":2,"name":"Tarifs-2018"}]},{"@type":"WebSite","@id":"https:\/\/canalcanoe.fr\/#website","url":"https:\/\/canalcanoe.fr\/","name":"cano\u00eb La rochelle","description":"Location de cano\u00eb \u00e0 La Rochelle","potentialAction":[{"@type":"SearchAction","target":{"@type":"EntryPoint","urlTemplate":"https:\/\/canalcanoe.fr\/?s={search_term_string}"},"query-input":{"@type":"PropertyValueSpecification","valueRequired":true,"valueName":"search_term_string"}}],"inLanguage":"fr-FR"}]}},"jetpack_sharing_enabled":true,"jetpack_shortlink":"https:\/\/wp.me\/P8OKEM-5r","jetpack-related-posts":[],"_links":{"self":[{"href":"https:\/\/canalcanoe.fr\/index.php\/wp-json\/wp\/v2\/pages\/337","targetHints":{"allow":["GET"]}}],"collection":[{"href":"https:\/\/canalcanoe.fr\/index.php\/wp-json\/wp\/v2\/pages"}],"about":[{"href":"https:\/\/canalcanoe.fr\/index.php\/wp-json\/wp\/v2\/types\/page"}],"author":[{"embeddable":true,"href":"https:\/\/canalcanoe.fr\/index.php\/wp-json\/wp\/v2\/users\/1"}],"replies":[{"embeddable":true,"href":"https:\/\/canalcanoe.fr\/index.php\/wp-json\/wp\/v2\/comments?post=337"}],"version-history":[{"count":5,"href":"https:\/\/canalcanoe.fr\/index.php\/wp-json\/wp\/v2\/pages\/337\/revisions"}],"predecessor-version":[{"id":491,"href":"https:\/\/canalcanoe.fr\/index.php\/wp-json\/wp\/v2\/pages\/337\/revisions\/491"}],"wp:attachment":[{"href":"https:\/\/canalcanoe.fr\/index.php\/wp-json\/wp\/v2\/media?parent=337"}],"curies":[{"name":"wp","href":"https:\/\/api.w.org\/{rel}","templated":true}]}}